1111?
-100011101010110100010
In base 16, what is 33d43bd + -4?
33d43b9
In base 11, what is 91606 + -19?
91598
In base 6, what is 1023 + -151542?
-150515
In base 4, what is 2130230033 + -212?
2130223221
In base 6, what is 120443 + -250423?
-125540
In base 15, what is 39 + 5a15be?
5a1608
In base 14, what is 747aa5d + -2?
747aa5b
In base 10, what is 19 + 33342290?
33342309
In base 13, what is 17517 + -38?
174ac
In base 5, what is 3 + -102001434?
-102001431
In base 2, what is 100011100 - -1001100100010011?
1001101000101111
In base 3, what is -100002111211 - 2110?
-100002121021
In base 11, what is 33029 + -4a?
32a8a
In base 8, what is 5 - 41475335?
-41475330
In base 14, what is 32032 - -453?
32485
In base 12, what is 1ab - -a176b?
a195a
In base 3, what is 0 + 2120111022111221?
2120111022111221
In base 8, what is 206 + -1602016?
-1601610
In base 7, what is 26304021 + 30?
26304051
In base 2, what is -1100111 - 110010001110011110?
-110010010000000101
In base 8, what is 3420177 - -145?
3420344
In base 10, what is 12538767 + -3?
12538764
In base 8, what is 24446 + -2236?
22210
In base 9, what is 1220786 - -18?
1220815
In base 13, what is -9027073 + 4?
-902706c
In base 4, what is 3 + -30011312312?
-30011312303
In base 15, what is 250d409 - -3?
250d40c
In base 5, what is -232120 - -4214?
-222401
In base 11, what is -376 + -48087?
-48452
In base 2, what is -11001101000110100100110111100 + 100?
-11001101000110100100110111000
In base 12, what is -10b4 + 312b?
2037
In base 10, what is 89 - -3355741?
3355830
In base 11, what is -aa055 + -aa1?
-100046
In base 6, what is 4 - -3120550?
3120554
In base 5, what is -1 - 4221113233?
-4221113234
In base 11, what is 3137 - -535?
3671
In base 10, what is -5 + -22738137?
-22738142
In base 5, what is -100330121 + -302?
-100330423
In base 11, what is -535a5 - -908?
-52798
In base 6, what is -4 - -110022334?
110022330
In base 16, what is -b91ec1 + -12?
-b91ed3
In base 16, what is 4b4bd66 + -3?
4b4bd63
In base 6, what is 2 + 5100142?
5100144
In base 14, what is -76 + -4aa5c?
-4aad4
In base 5, what is -1324 - 1422141?
-1424020
In base 6, what is -12205555541 + 2?
-12205555535
In base 4, what is 110130 - -1201211201?
1201321331
In base 2, what is 100110000101111100 - 10?
100110000101111010
In base 15, what is 27b + -951?
-6c5
In base 3, what is 212021201011110 + 0?
212021201011110
In base 12, what is -1a0355 + 19?
-1a0338
In base 16, what is 90 - -3cba9a?
3cbb2a
In base 14, what is -382 + -69ab?
-6d4d
In base 15, what is ba + 97176c?
971837
In base 12, what is 4 + -b1631a?
-b16316
In base 5, what is 0 + -4341012024?
-4341012024
In base 7, what is 12243315 - 4?
12243311
In base 16, what is 11131 - 5c?
110d5
In base 13, what is -23c2300 - 2?
-23c2302
In base 8, what is -2321 - -502157?
477636
In base 8, what is -1061 + 657173?
656112
In base 14, what is -134 - -9d482?
9d34c
In base 12, what is -3a3 + -b3b17?
-b42ba
In base 6, what is -102 - -11430205?
11430103
In base 12, what is -b1b7 + 115?
-b0a2
In base 9, what is -20311806 - 1?
-20311807
In base 7, what is -1334 + -4025321?
-4026655
In base 9, what is -12183 - 654?
-12847
In base 2, what is -1110 + 1000110000111011110011?
1000110000111011100101
In base 5, what is -402323441 + 4?
-402323432
In base 16, what is -2fa5e9 + 1?
-2fa5e8
In base 11, what is -56246 - 30?
-56276
In base 14, what is 1a7a - 124?
1956
In base 11, what is 30618 - -913?
31430
In base 3, what is 1022100102 - -10212201?
1110020010
In base 10, what is 174 + 292902?
293076
In base 16, what is 0 + 33b1188?
33b1188
In base 3, what is 1202102221 + 1012121?
1210122112
In base 12, what is 140 - -2444a4?
244624
In base 14, what is -32 - 18720?
-18752
In base 13, what is -2ac7 - 1016?
-3b10
In base 16, what is -4 - 2d3e5?
-2d3e9
In base 6, what is -343 + 233030322?
233025535
In base 4, what is 10220222211 + -1233?
10220220312
In base 10, what is -411465 - -22?
-411443
In base 14, what is -61426 - -22?
-61404
In base 15, what is 1ae3a49 + 1?
1ae3a4a
In base 16, what is 1daf8 + -f3?
1da05
In base 3, what is 11021201 + 100200021?
111221222
In base 14, what is -21a + 1164?
d48
In base 4, what is -112200202131 + 11?
-112200202120
In base 8, what is -14046 + -247?
-14315
In base 12, what is -5b6a8b49 + -3?
-5b6a8b50
In base 12, what is 61 + -166a?
-1609
In base 9, what is 360833 + -31?
360802
In base 14, what is 2c16081 + 1?
2c16082
In base 6, what is 11231 - -52134?
103405
In base 10, what is 225 - 59445?
-59220
In base 16, what is -43 + 15920?
158dd
In base 13, what is -1425a + 1b33?
-12427
In base 3, what is 2012101012 - -101021?
2012202110
In base 5, what is 1024314233 - -223?
1024320011
In base 16, what is -1240e3 - -c?
-1240d7
In base 14, what is -44847b0 - -9?
-44847a5
In base 4, what is 33232221230330 - 0?
33232221230330
In base 15, what is -3927 + -a4c4?
-ddeb
In base 6, what is 100 + 32340054?
32340154
In base 14, what is 68 + b355d?
b35c7
In base 15, what is -c7d3d8 + -5?
-c7d3dd
In base 8, what is 520641 + -570?
520051
In base 15, what is 0 - 25c19?
-25c19
In base 14, what is 4 - -d681?
d685
In base 4, what is -22003323300321 - -11?
-22003323300310
In base 8, what is -10 - 126160137?
-126160147
In base 16, what is -c92e + -186?
-cab4
In base 13, what is -8c608 - 49b?
-8caa6
In base 8, what is -1061012 + 14?
-1060776
In base 5, what is 10031214 + -44?
10031120
In base 3, what is -2210021120 + 2110102?
-2200211011
In base 13, what is 862a + -c9?
8531
In base 9, what is -15 - -2867270?
2867254
In base 15, what is 8290 + -16d3?
6aac
In base 2, what is -11111101 + 101100101010?
101000101101
In base 8, what is 16 - -1273042?
1273060
In base 16, what is -3d09d96 - 2?
-3d09d98
In base 3, what is 122021021011012 + -122?
122021021010120
In base 4, what is 103232233121 - -12?
103232233133
In base 6, what is -242005452 - 100?
-242005552
In base 14, what is -52408 - 4?
-5240c
In base 3, what is 0 + -2012001100100121?
-2012001100100121
In base 16, what is 23 - -2ecea?
2ed0d
In base 6, what is -104 - 33002531?
-33003035
In base 6, what is -405213032 + 1?
-405213031
In base 10, what is -42533 - -234?
-42299
In base 16, what is 19154 - -234e?
1b4a2
In base 9, what is -1 + 665110512?
665110511
In base 6, what is 0 + -544313514?
-544313514
In base 10, what is 56992929 + -5?
56992924
In base 13, what is -2821869 + 6?
-2821863
In base 12, what is 1746123 + b?
1746132
In base 15, what is 1171a6 + 1d?
1171c4
In base 8, what is 1506061 + -31?
1506030
In base 6, what is 230520 - -10413?
241333
In base 13, what is -11bc + 12200?
11011
In base 16, what is 37 - 197339?
-197302
In base 15, what is -ea + 186e60?
186d65
In base 14, what is 152 - 1805a?
-17d08
In base 13, what is -116b4 - -5a3?
-11111
In base 9, what is -24814146 - -2?
-24814144
In base 8, what is 7715 + -126330?
-116413
In base 7, what is -2525 - -3406633?
3404105
In base 4, what is -230231 - -102122231?
101232000
In base 5, what is 33 - -20014304?
20014342
In base 13, what is 332b13 - 2?
332b11
In base 11, what is 243 - 824308?
-824075
In base 11, what is -217598 - -31?
-217567
In base 11, what is 17745 - -674?
18309
In base 12, what is -24aba847 - -5?
-24aba842
In base 12, what is 10648 - -503?
10b4b
In base 15, what is 6a - -16dbe0?
16dc5a
In base 4, what is -222220 - -231320?
3100
In base 14, what is 6826 + 8a?
68b2
In base 11, what is -6743 + -86?
-6819
In base 10, what is -32 + -10230258?
-10230290
In base 3, what is -2 + -2110012002101?
-2110012002110
In base 13, what is -1820624 - -4?
-1820620
In base 2, what is 101001100000100100 + -10000010?
101001011110100010
In base 3, what is -1212221122120 + 101121?
-1212221020222
In base 10, what is 299 + -5332?
-5033
In base 15, what is 163b + 373?
19ae
In base 10, what is 1606 - 96187?
-94581
In base 16, what is -10 + ba9b0?
ba9a0
In base 13, what is 84a + -c52a?
-b9b0
In base 8, what is 107426 + -323?
107103
In base 10, what is 1390 + -102367?
-100977
In base 15, what is 133238 + 5?
13323d
In base 6, what is -10 + -2340233042?
-2340233052
In base 2, what is 1011111011101100110111 - -100001?
1011111011101101011000
In base 3, what is 1122002121 + -220021?
1121012100
In base 4, what is -131130032120011 + -11?
-131130032120022
In base 14, what is -92c - -7686?
6b58
In base 15, what is 5 + -e3b9c73?
-e3b9c6d
In base 8, what